pose 13*u - 33 = o*u. What is the remainder when v is divided by u?
0
Let q(z) be the first derivative of 3*z**2/2 + 24*z - 23. Calculate the remainder when q(-6) is divided by 1.
0
Let l be 77/44*(0 + -4). Let y(v) = v**2 + 5*v - 10. Let h be y(l). Suppose -2*r = -h*r + 42. Calculate the remainder when r is divided by 6.
3
Let k(j) = 15*j**3 + 2*j**2 - j - 1. What is the remainder when k(1) is divided by ((-4)/6)/(1/(-12))?
7
Suppose -94 - 35 = -3*j. Let r = -24 + j. Calculate the remainder when r is divided by 11.
8
Suppose -3*z + 318 = 2*h - 413, 4*z = -4*h + 976. What is the remainder when z is divided by 62?
57
Calculate the remainder when ((4660/25)/2)/((-6)/(-15)) is divided by 15.
8
Let q(r) = 5*r - 8. Let d be q(7). Suppose 2*j = -5*g + 207, 2*g - d = 5*j + 50. Calculate the remainder when 163 is divided by g.
40
Suppose -86*d = -74*d - 732. What is the remainder when 1278 is divided by d?
58
Let g(o) = o**3 - o**2 + 11. Let q be 30 + (-3)/1 + 3. What is the remainder when (20/11 - (-10)/55) + q is divided by g(0)?
10
Let t(s) = -s**3 + 18*s**2 - 28*s - 7. Calculate the remainder when 223 is divided by t(16).
52
Suppose 0 = 10*f - 13 - 107. Calculate the remainder when 35 is divided by f.
11
Suppose -51 = 4*b - 363. Let d(k) = -3*k**2 - 72*k + 14. Calculate the remainder when b is divided by d(-24).
8
Let v(j) = 2*j + 8. Suppose -5*u - 8 = 4*g, -3*u + 14 = -4*g + 38. Let c(k) = -k**3 + 7*k**2 + k - 1. Calculate the remainder when c(5) is divided by v(g).
12
Let n = 16 - 58. Let g = -35 - n. Calculate the remainder when 16 is divided by g.
2
Suppose 0 = 2*y - 98 + 20. Suppose 26 = -4*s + 178. Let o = 48 - s. What is the remainder when y is divided by o?
9
Let r = -5 + 9. Let t be (-3)/((-6)/r - 0). Suppose -12 = 3*c, c + 30 = 3*p - t*c. Calculate the remainder when p is divided by 2.
0
Suppose 5*x - 369 = -4*x. Suppose x*m - 40*m = 65. Calculate the remainder when m is divided by 33.
32
Suppose 87 = 3*r - 3*o, -42 - 71 = -4*r + 5*o. Let u = -39 + 50. Let h = 22 - u. What is the remainder when r is divided by h?
10
Let p(b) = 10*b**2 - 114*b - 58. Calculate the remainder when p(14) is divided by 23.
7
Let m = 473 - 370. Suppose x + 38 = 3*r - 0, x + 25 = 2*r. Calculate the remainder when m is divided by r.
12
Let c = 14 + -6. Suppose 2*i - 12 = 2*q, -4*i + 0*i + 8 = 4*q. Suppose -i*b + 5 - 83 = -5*k, -4*k + 58 = -b. What is the remainder when k is divided by c?
6
Let h(s) = 3*s**2 + 2*s - 1. Suppose 0 = -8*o - 80 - 24. Let q = o + 14. What is the remainder when h(1) is divided by q?
0
What is the remainder when ((-92)/14)/(((-174)/(-84))/(-29)) is divided by 29?
5
Let y(n) = n**2 - 19*n - 62. Let t be y(22). Suppose -4*b - m + 84 = -89, 2*b - 90 = -t*m. Calculate the remainder when b is divided by 28.
15
What is the remainder when (96652/(-438))/((-2)/12) is divided by 16?
12
Let v(h) = h + 39. Calculate the remainder when 64 is divided by v(-16).
18
Suppose 719 + 161 = 40*f. Calculate the remainder when 216 is divided by f.
18
Suppose -w = 4*o - 21, 2*o + 2*o - 8 = 0. Suppose -12*i = 4*r - 14*i - 556, 5*r + i = 702. What is the remainder when r is divided by w?
10
Calculate the remainder when 255 is divided by 51018/396 + 1/6.
126
Suppose -337 = -40*k + 823. Suppose -603 = -4*x + x. What is the remainder when x is divided by k?
27
Suppose 3*u = -2*u - 40. Let k = u - -5. Calculate the remainder when 43 is divided by ((-5)/(-2) - k)*2.
10
Suppose -2*l + 7 = f, 2*f = -3*f - 4*l + 29. Calculate the remainder when 29 - (5 - (-15)/(-10)*2) is divided by f.
2
Let x = 8 + 25. Suppose -38*f + x*f + 305 = 0. Let n = 7 + 14. What is the remainder when f is divided by n?
19
Let q(a) = 2*a**2 - 15*a - 8. Let p be q(9). Let m(b) = b**3 - 20*b**2 + 20*b - 1. What is the remainder when 50 is divided by m(p)?
14
Suppose 27*o = -101 + 317. What is the remainder when 413 is divided by o?
5
Let k = -19 - -31. Calculate the remainder when 74 is divided by (-4)/k*-57*1.
17
Let u(m) be the third derivative of -m**5/60 + 5*m**4/12 + m**3/2 - 3*m**2. Suppose 4*b + 23 - 111 = 0. Calculate the remainder when b is divided by u(9).
10
Let q be 522/(-30) + 2/5. Let j = 39 - q. Suppose -13*i + 14*i = 29. Calculate the remainder when j is divided by i.
27
Suppose -4*h + 3*p - 5*p = -356, p = -5*h + 442. Calculate the remainder when h is divided by 45.
43
Let v(z) = z**2 + 2*z - 6. What is the remainder when 15 is divided by v(-5)?
6
Let q = 1372 - 862. Suppose q = 2*o - 5*o. Calculate the remainder when o/(-8) + 2/(-8) is divided by 11.
10
Suppose -k + 5*k - 1 = -3*b, -b - 21 = -4*k. Let t(f) = 4*f**2 + f - 4. What is the remainder when t(k) is divided by 11?
9
What is the remainder when ((-50)/15)/((-5)/555) is divided by 53?
52
Suppose 2*d + 5*t - 153 = d, -4*t + 150 = d. Let u = d + -103. What is the remainder when u is divided by 6?
5
Let h(f) = 6*f**2 - 45*f - 26. What is the remainder when h(12) is divided by 6?
4
Let d = -6 + 62. Suppose d = 2*k - 0*k. Let m = 14 - -97. What is the remainder when m is divided by k?
27
Let g(x) = -2*x - 10. Let h(s) = s. Let m(f) = g(f) - 6*h(f). Calculate the remainder when 32 is divided by m(-3).
4
Suppose b - 79 = -5*c - b, 5*c - 3*b = 69. What is the remainder when 27 is divided by c?
12
Suppose z - 87 = -2*g, -2*g + 78 = 6*z - 2*z. Calculate the remainder when 118 is divided by -2 - (4/18 - 1900/g).
38
Suppose 5*q = -4*j + 14, 0*j + 4*j + 6 = 5*q. Suppose -q = 4*t - 10. Calculate the remainder when t is divided by 1.
0
Calculate the remainder when (-5 + 33)*(-6)/(-4) is divided by 3.
0
Let b = -22 - -142. Suppose -2*i + 269 = 3*x - 41, -4*i = x - b. What is the remainder when x is divided by 174/10 + 4/(-10)?
15
Suppose 5*m = -w + 80, 2*m + 155 = -0*w + 3*w. What is the remainder when 437 is divided by w?
52
Let n(l) = -l**3 + 19*l - 5. Let w be n(4). Suppose 22 = -i + 3*i. What is the remainder when i is divided by (11 - w)/(-2 + 3)?
3
Let b(f) = f**2 - 63 - 16*f + 24 + 22. Let z be b(17). Suppose g + 5 = z, -5*y + 2*g + 20 = -10. What is the remainder when 27 is divided by y?
3
Let p(x) be the second derivative of 19*x**3/6 - 3*x**2/2 - x. Let j be p(-2). Let r = -25 - j. What is the remainder when 45 is divided by r?
13
Suppose 0*b + 4*b - 48 = 0. What is the remainder when b is divided by 2?
0
Let t = 830 - 828. Calculate the remainder when 15*(14/6 + -2) is divided by t.
1
Let s be 4/(-22) + 160/(-88). What is the remainder when 9 is divided by 0 - s - 24/(-6)?
3
Let p(j) = j + 34. Let h(b) = -3*b**3 + 3*b**2 - 3*b**2 - 2*b + 2*b**3 - 2*b**2 + 4. What is the remainder when h(-4) is divided by p(-18)?
12
Let p = 4867 + -4854. Suppose -4*h - 18 = -7*h. Let j(y) = -y + 10. What is the remainder when p is divided by j(h)?
1
Let k = -33 - -28. Let p(r) = r**2 + r - 1. What is the remainder when p(k) is divided by 11?
8
Suppose 7*u = -b + 2*u - 5, -b - 3*u - 15 = 0. Calculate the remainder when ((-8)/(-4))/(-1 - 33/b) is divided by 7.
6
Let f = 6 + 18. Suppose 2*l - 134 + 0 = 0. What is the remainder when l is divided by f?
19
Suppose 5*z + 15 = 5*j, 4*z - j + 11 = 2*j. Calculate the remainder when 194 is divided by (-4 - z - 2)*39/(-4).
38
Suppose 11 = b + 50. Let q = b - -56. Calculate the remainder when q is divided by -2 - (-1 - (6 - -1)).
5
Let o = -32 - -87. Calculate the remainder when o is divided by 22 + 225/15 + -8.
26
Suppose 0 = -25*w + 381 + 244. Calculate the remainder when 172 is divided by w.
22
Suppose 7*c + 780 = 17*c. Calculate the remainder when c is divided by 20.
18
Let u be (-3)/6 - (-1)/(-2). What is the remainder when 87 is divided by 378/49 - (10/14 + u)?
7
Suppose -5*r + 10 = -0. Suppose -89 = -3*i + 4*s, -i - r*s - 132 = -5*i. Calculate the remainder when i is divided by 18.
17
Let k(m) = 2*m**2 - 35*m + 163. What is the remainder when k(6) is divided by 20?
5
Let r = -1189 - -1279. Calculate the remainder when 216 is divided by r.
36
Let y(l) = -l**2 - 12*l + 21. Let j(q) = -3*q**2 - 23*q + 41. Let p(x) = -3*j(x) + 7*y(x). Calculate the remainder when p(13) is divided by 43.
38
Let r = -20 + 47. Suppose 2*w - 99 = -r. What is the remainder when w is divided by 10?
6
Let w(r) = r**2 + 53*r + 534. What is the remainder when w(-42) is divided by 30?
12
Let i be 8 - (7 + -4 - -1). Calculate th